= -429 - -206. Suppose -g = 4*g + 100. Is (r/5)/(4/g) prime?
True
Is ((-2 - 1) + 2)/((-4)/4276) a composite number?
False
Let y = 985 - 543. Suppose c - 15 = -4*c. Suppose y = c*d - 113. Is d prime?
False
Let n = -24 + 35. Let a = n - -69. Let u = a + -47. Is u a composite number?
True
Let g = -45 + 18. Let q = -8 - g. Is q a prime number?
True
Let a(h) = -h**3 - h**2 + 9*h + 13. Is a(-6) prime?
True
Let m be (24/16)/(6/16). Suppose -39 + 577 = 3*p + 4*s, -m*p + 708 = -4*s. Is p a prime number?
False
Let d = -4 + 6. Suppose 2*j = -m + 3, -d*j = -0*j + 2*m - 6. Is 1/((j + 2)/8) a composite number?
True
Suppose 3777 = 20*y - 17*y. Is y a prime number?
True
Suppose t = -2*t - 18. Let l(r) = -33*r + 7. Is l(t) composite?
True
Let z(v) = v**3 + v**2 + 2. Let y(q) = q**3 + 2*q**2 + 3. Let d(u) = 3*y(u) - 5*z(u). Is d(-2) composite?
False
Let v be (-1 - (-2 + 3))*-487. Is (v/3)/((-12)/(-18)) a composite number?
False
Let o(h) be the third derivative of -h**6/120 + h**5/60 + h**4/24 + h**3/6 - h**2. Let z be o(-1). Suppose 178 + 0 = z*m. Is m a prime number?
True
Let d(x) = 3 - x**2 - 4 + 4 + 14*x - 5. Let s be d(6). Suppose -v = -3*v + s. Is v prime?
True
Suppose 0 = -5*f + 3*w + 179, 3*f + w - 61 - 52 = 0. Is f composite?
False
Let n be (-231)/8 - (-1)/(-8). Let y = n - -118. Is y a composite number?
False
Let k be (-6)/(-21) + (-290)/(-14). Let b be 2/(-8) + 3/12. Is b/(-3 + 1) + k a composite number?
True
Let z(m) = -2*m**2 - 2. Let y be z(-4). Let r be (70 - (1 + -2))*1. Let s = r + y. Is s prime?
True
Let d(h) = -h. Let l be d(-5). Suppose -3*o + 3*i + 82 = -2*i, l*o = i + 100. Is o a composite number?
False
Let a be -1 - (1 - 4 - -3). Let f(w) = -121*w**3. Is f(a) a prime number?
False
Let k(h) = 2044*h**2 + 4*h - 3. Is k(1) a prime number?
False
Let g be (2 - 0) + (-15)/5. Is g - (1 - -3)*-10 prime?
False
Let d(t) = -2*t**3 - 4*t**2 + 3*t - 2. Let j = -13 - -9. Let p be d(j). Let b = -25 + p. Is b a prime number?
False
Let l be (6 - 5)/(1/(-59)). Let c = l - -104. Suppose 0 = h - i - 31, 2*h - 4*i = c + 27. Is h a prime number?
False
Let n(t) = t**2 + 6*t + 6. Let c(k) = 2*k + 3. Let a be c(-4). Let i be n(a). Is (13 + i)*(-2)/(-2) a prime number?
False
Let g be 3/((-1)/376*6). Let n = 321 + g. Is n composite?
True
Is 11 + 0/(-2 + 3) a prime number?
True
Suppose -2*s = -a, s + 2*s = -2*a + 14. Suppose s*k - 239 = k. Is k composite?
False
Suppose -690 = -3*c - 4*q, 2*q - 1124 = -5*c + 12. Suppose 4*u = -p - u + c, 3*p = u + 630. Is p prime?
True
Let w(l) = 2*l + 3 - 4*l + 0*l. Let s be w(2). Is s/(-3)*63/3 composite?
False
Let b(p) = -13*p. Let a be (-6)/(-2)*(-2)/(-2). Let t = -2 - a. Is b(t) prime?
False
Is (-17)/2*(-54 + -4) prime?
False
Suppose 2*a + 1088 = 2866. Is a a prime number?
False
Is 19616 - (-5 - -10 - 10) prime?
False
Suppose 2034 - 2 = 4*j. Suppose -2*y + 4*k + 102 = -j, 4*y - 1229 = -k. Is y composite?
False
Let t = -3621 + 5614. Is t prime?
True
Suppose 4*i - g = -3, 5*i - 7 + 1 = -2*g. Suppose 0 = 2*v + v. Suppose p - 5 = -2*k, -k - 5 + i = v. Is p prime?
False
Suppose 4*a + a - 10 = 0. Is a - 1 - 3 - -129 composite?
False
Is (2/(-7) - 68397/196)*-4 a composite number?
True
Suppose w = 6*w - 75. Suppose 3*d = -2*x + 29, -2*d - w = -x - 4. Let m = 20 + x. Is m a composite number?
True
Let l(d) = -75*d - 3. Let f be l(-5). Let c = 2 + 3. Suppose -3*v - 610 = -5*h + 2*v, 3*h - f = c*v. Is h a composite number?
True
Suppose 4*y = 5*l + 1353, -2*l - 2*l = -2*y + 678. Is y a prime number?
True
Let w(k) = 3*k**2 - 19*k + 19. Is w(12) a prime number?
True
Let w be -4*-1*1/2. Suppose 74 = 4*s + j, -w*j + 31 + 22 = 3*s. Is s prime?
True
Let n(q) = q**3 + 5*q**2 + 4. Let p be n(-5). Let m(o) = -p*o + 2*o**2 - 6 + 1 + o - o. Is m(-4) composite?
False
Let m be (-3 + 2)*-7*4. Suppose -5*k = -5*v - 1295, m + 485 = -2*v + k. Is 2*v/8*-2 composite?
False
Let s be (-6)/(-21) + (-48)/21. Is -17*(s/(-2) - 8) prime?
False
Suppose 4*y + 14 + 13 = -3*r, 5*r + 28 = -y. Let z(c) = -7*c. Let t(d) = 1. Let q(f) = -2*t(f) + z(f). Is q(y) a composite number?
False
Suppose -2*s + 27460 = 7*t - 3*t, -s - 13722 = -2*t. Is t a composite number?
False
Suppose -9 = 3*k - 6*k, 3*r = 4*k + 18. Is r a composite number?
True
Let w be (-830)/(-6) - (-6)/9. Let n = w - -20. Suppose 3*z = -3*d + n, 3*z - 26 - 27 = -d. Is d composite?
False
Let y(v) be the second derivative of 19*v**3/2 - 3*v**2/2 + 2*v. Suppose 2*g + 0 - 4 = 0. Is y(g) composite?
True
Suppose -4*v + 14 = n - 3*n, -4*n + 20 = 0. Suppose -v*r = -r - 200. Suppose -4*g + r = -0*g. Is g a composite number?
True
Let d = -7 + 13. Let x(m) = -m**2 + 6*m. Let t be x(d). Let k(b) = -b**3 - b**2 + b + 35. Is k(t) a prime number?
False
Suppose -8 = -2*a - 2*a. Let b = -5 + a. Let v(z) = -17*z + 4. Is v(b) a prime number?
False
Let z(c) = -4*c + 20. Let p(s) be the first derivative of s**2/2 - 4*s + 2. Let h(v) = -11*p(v) - 2*z(v). Is h(-5) prime?
True
Let d(t) be the third derivative of 7*t**4/12 + t**3/6 - 3*t**2. Is d(6) a prime number?
False
Let j(p) be the third derivative of -7*p**4/24 - 4*p**2. Let k be j(-11). Suppose t - 50 = k. Is t prime?
True
Let d(o) = o**3 + 4*o**2 - 2*o - 4. Let k be d(-4). Let b = 18 - 13. Suppose a = b*a + k*p - 124, -124 = -4*a - p. Is a a composite number?
False
Let h(c) = c**3 - c + 291. Let k = -26 + 26. Is h(k) a composite number?
True
Let h = 5344 - 3687. Is h composite?
False
Is (-1)/(-4) + 5430/8 a prime number?
False
Let a(y) = -963*y + 2. Is a(-1) composite?
True
Suppose 0 = 2*g - g - 2168. Suppose g + 723 = 7*v. Is v composite?
True
Let p(j) be the first derivative of -7/3*j**3 + 1 - 4*j + 1/4*j**4 + 9/2*j**2. Is p(6) composite?
True
Suppose 5*z + 1261 = 2*d, 4*z - 1737 - 120 = -3*d. Is d a composite number?
True
Suppose 0 = 6*z - 2*z - 16. Is 134/z - (-14)/(-28) a composite number?
True
Let w(x) = x**2 + 3*x + 5195. Is w(0) prime?
False
Let i = -813 + 1734. Is i composite?
True
Suppose 3*a = 2*g - 1430 - 750, 2*a = -4*g + 4344. Is g composite?
False
Let v = -3 - 3. Let j = 95 + v. Is j prime?
True
Suppose 2*b - 1054 = 4*q, -5*q - 597 = -b - 85. Is b composite?
True
Let z = 224 - 48. Let j be (0 - 1/2)*z. Let m = -49 - j. Is m composite?
True
Suppose 0 = -4*z + z - 6. Let c(k) = -3*k**3 - k**2. Let m be c(1). Let r = z - m. Is r a prime number?
True
Let r(l) = 1296*l**2 + l - 1. Let q be r(1). Suppose -2*k + 0*k + q = 0. Let c = -425 + k. Is c a composite number?
False
Suppose -2*r + 5*v + 8 = 2, 0 = -v. Suppose r*f = -2*f - 210. Is ((-4)/(-6))/((-2)/f) composite?
True
Let x(p) = 8*p**2 + 2*p + 1. Suppose -25 = 5*n - 0*n. Is x(n) composite?
False
Let d(t) = 2*t - 2. Let r be d(3). Suppose u - 2 = r. Let s = 20 + u. Is s a composite number?
True
Let h(r) = 15*r + 4. Suppose -2*w - 5 + 81 = 0. Let u be 2/8 - w/(-8). Is h(u) composite?
False
Let a = 824 + -1642. Let j = -205 - a. Suppose -j - 1015 = -4*b. Is b composite?
True
Let j be (-2)/1 - -5 - 1. Suppose -2*i + j*a = 3*a - 5, -3 = -3*a. Suppose 4*q + 0 = -2*t + i, t - 4*q - 25 = 0. Is t prime?
False
Let q(u) = -u + 5. Let f be q(7). Let l = f - -3. Is (-1 - 141/(-3)) + l a prime number?
True
Let l = -513 - -2666. Is l a prime number?
True
Let h be (15/12 - 0)*4. Let p(n) = -n**2 + 8*n - 4. Is p(h) prime?
True
Let t = 259 + -60. Is t composite?
False
Let b = -3295 + 4988. Is b a composite number?
False
Let o(j) = 2*j**2 + 6*j - 9. Is o(8) a composite number?
False
Let s(t) = 168*t**2 + 3*t + 1. Let z(d) = -d**2 + 5*d + 4. Let q be z(6). Is s(q) a prime number?
False
Suppose 0 = -0*o - 8*o + 4504. Is o composite?
False
Suppose -35 = -2*j + 123. Suppose v - 2*v = -b - j, v - 64 = -2*b. Is v a composite number?
True
Let n(x) = 5*x**2 - 7*x - 3. Suppose -2*d - 5 = -d. Let o be n(d). Let z = o + -98. Is z a composite number?
False
Suppose 0 + 32 = 2*k. Suppose 5*y - l - 466 = 0, l = y - k - 78. Is y composite?
True
Let a(b) = 3*b**3 + 5*b**2 - 19*b + 13. Let x(n) = 2*n**3 + 3*n**2 - 13*n + 9. Let t(c) = 5*a(c) - 7*x(c). Let o be t(-5). Let y = o - -62. Is y a prime number?
True
Let b(f) = -f**2 + 4*f - 4. Let z be 2 - (-4 + (0 - -2)). Let w be b(z). Let o(p) = 8*p**2 + 4*p + 1. Is o(w) a prime number?
True
Suppose 901 = -2*q + 3*q. Is q a prime number?
False
Suppose 2 = -5*x - a + 9, 4*x + a = 5. Suppose -r = -5*c + 1